 of 856?
2, 107
What are the prime factors of 36780?
2, 3, 5, 613
List the prime factors of 1627.
1627
List the prime factors of 6130.
2, 5, 613
List the prime factors of 18444.
2, 3, 29, 53
List the prime factors of 28810.
2, 5, 43, 67
List the prime factors of 986.
2, 17, 29
What are the prime factors of 1738?
2, 11, 79
List the prime factors of 186026.
2, 47, 1979
List the prime factors of 739.
739
What are the prime factors of 1966?
2, 983
List the prime factors of 11733.
3, 3911
What are the prime factors of 2477?
2477
List the prime factors of 1852.
2, 463
List the prime factors of 8749.
13, 673
What are the prime factors of 491?
491
List the prime factors of 4194.
2, 3, 233
List the prime factors of 56007.
3, 7, 127
What are the prime factors of 25687?
17, 1511
List the prime factors of 1015.
5, 7, 29
What are the prime factors of 822?
2, 3, 137
What are the prime factors of 6361?
6361
What are the prime factors of 111769?
7, 2281
List the prime factors of 275.
5, 11
What are the prime factors of 1208?
2, 151
What are the prime factors of 4996?
2, 1249
List the prime factors of 6311.
6311
What are the prime factors of 1382?
2, 691
List the prime factors of 2045.
5, 409
What are the prime factors of 5923?
5923
What are the prime factors of 2228?
2, 557
What are the prime factors of 17074?
2, 8537
What are the prime factors of 1510?
2, 5, 151
What are the prime factors of 34308?
2, 3, 953
What are the prime factors of 27169?
101, 269
List the prime factors of 9204.
2, 3, 13, 59
What are the prime factors of 9037?
7, 1291
List the prime factors of 24165.
3, 5, 179
What are the prime factors of 3697?
3697
List the prime factors of 462.
2, 3, 7, 11
What are the prime factors of 3462?
2, 3, 577
List the prime factors of 382.
2, 191
What are the prime factors of 85332?
2, 3, 13, 547
List the prime factors of 2424.
2, 3, 101
What are the prime factors of 800?
2, 5
What are the prime factors of 5585?
5, 1117
What are the prime factors of 15821?
13, 1217
List the prime factors of 101350.
2, 5, 2027
What are the prime factors of 50721?
3, 11, 29, 53
List the prime factors of 784.
2, 7
What are the prime factors of 3582?
2, 3, 199
List the prime factors of 131517.
3, 4871
List the prime factors of 8166.
2, 3, 1361
List the prime factors of 7098.
2, 3, 7, 13
What are the prime factors of 3177?
3, 353
What are the prime factors of 977?
977
What are the prime factors of 12754?
2, 7, 911
List the prime factors of 21044.
2, 5261
List the prime factors of 26326.
2, 13163
List the prime factors of 789.
3, 263
What are the prime factors of 9054?
2, 3, 503
List the prime factors of 410.
2, 5, 41
List the prime factors of 2333.
2333
List the prime factors of 3756.
2, 3, 313
What are the prime factors of 656?
2, 41
List the prime factors of 144.
2, 3
List the prime factors of 200.
2, 5
List the prime factors of 77428.
2, 13, 1489
List the prime factors of 2121.
3, 7, 101
What are the prime factors of 738?
2, 3, 41
What are the prime factors of 5675?
5, 227
List the prime factors of 49602.
2, 3, 7, 1181
What are the prime factors of 498?
2, 3, 83
List the prime factors of 645.
3, 5, 43
List the prime factors of 15560.
2, 5, 389
List the prime factors of 4856.
2, 607
What are the prime factors of 1893?
3, 631
List the prime factors of 15464.
2, 1933
What are the prime factors of 3819?
3, 19, 67
List the prime factors of 1098.
2, 3, 61
What are the prime factors of 1583?
1583
List the prime factors of 3830.
2, 5, 383
List the prime factors of 90478.
2, 19, 2381
What are the prime factors of 36600?
2, 3, 5, 61
What are the prime factors of 1575?
3, 5, 7
What are the prime factors of 256?
2
What are the prime factors of 35240?
2, 5, 881
What are the prime factors of 13066?
2, 47, 139
What are the prime factors of 263?
263
List the prime factors of 34719.
3, 71, 163
What are the prime factors of 90437?
90437
What are the prime factors of 5845?
5, 7, 167
What are the prime factors of 32369?
32369
List the prime factors of 36765.
3, 5, 19, 43
What are the prime factors of 4438?
2, 7, 317
What are the prime factors of 100299?
3, 67, 499
List the prime factors of 126888.
2, 3, 17, 311
List the prime factors of 2324.
2, 7, 83
What are the prime factors of 2392?
2, 13, 23
List the prime factors of 732.
2, 3, 61
What are the prime factors of 16739?
19, 881
List the prime factors of 48261.
3, 16087
List the prime factors of 8837.
8837
What are the prime factors of 46745?
5, 9349
What are the prime factors of 20628?
2, 3, 191
What are the prime factors of 4189?
59, 71
What are the prime factors of 310?
2, 5, 31
List the prime factors of 70.
2, 5, 7
List the prime factors of 62779.
67, 937
What are the prime factors of 111096?
2, 3, 1543
List the prime factors of 685.
5, 137
What are the prime factors of 7894?
2, 3947
What are the prime factors of 3385?
5, 677
List the prime factors of 3511.
3511
What are the prime factors of 2760?
2, 3, 5, 23
What are the prime factors of 7130?
2, 5, 23, 31
List the prime factors of 29422.
2, 47, 313
List the prime factors of 9793.
7, 1399
What are the prime factors of 53857?
53857
List the prime factors of 238.
2, 7, 17
What are the prime factors of 9111?
3, 3037
List the prime factors of 17399.
127, 137
What are the prime factors of 75?
3, 5
List the prime factors of 1431.
3, 53
What are the prime factors of 3076?
2, 769
What are the prime factors of 9592?
2, 11, 109
List the prime factors of 20424.
2, 3, 23, 37
List the prime factors of 320.
2, 5
What are the prime factors of 22465?
5, 4493
List the prime factors of 6415.
5, 1283
What are the prime factors of 56495?
5, 11299
What are the prime factors of 44465?
5, 8893
What are the prime factors of 1553?
1553
List the prime factors of 42061.
42061
List the prime factors of 238.
2, 7, 17
List the prime factors of 1495.
5, 13, 23
What are the prime factors of 8347?
17, 491
List the prime factors of 1314.
2, 3, 73
List the prime factors of 13839.
3, 7, 659
List the prime factors of 1202.
2, 601
List the prime factors of 17699.
11, 1609
What are the prime factors of 1913?
1913
What are the prime factors of 490?
2, 5, 7
List the prime factors of 35701.
19, 1879
What are the prime factors of 19447?
19447
What are the prime factors of 6656?
2, 13
List the prime factors of 3651.
3, 1217
List the prime factors of 788.
2, 197
What are the prime factors of 51026?
2, 31, 823
List the prime factors of 1159.
19, 61
List the prime factors of 5806.
2, 2903
List the prime factors of 72295.
5, 19, 761
What are the prime factors of 2163?
3, 7, 103
What are the prime factors of 92495?
5, 13, 1423
List the prime factors of 1713.
3, 571
What are the prime factors of 123766?
2, 19, 3257
List the prime factors of 4008.
2, 3, 167
What are the prime factors of 2382?
2, 3, 397
List the prime factors of 36781.
36781
List the prime factors of 29148.
2, 3, 7, 347
List the prime factors of 2254.
2, 7, 23
What are the prime factors of 7490?
2, 5, 7, 107
List the prime factors of 8633.
89, 97
What are the prime factors of 3900?
2, 3, 5, 13
List the prime factors of 176208.
2, 3, 3671
What are the prime factors of 3867?
3, 1289
List the prime factors of 137.
137
What are the prime factors of 547?
547
What are the prime factors of 25513?
31, 823
List the prime factors of 226.
2, 113
What are the prime factors of 7491?
3, 11, 227
What are the prime factors of 931?
7, 19
List the prime factors of 8439.
3, 29, 97
List the prime factors of 1444.
2, 19
List the prime factors of 68219.
68219
List the prime factors of 3605.
5, 7, 103
List the prime factors of 1928.
2, 241
What are the prime factors of 2530?
2, 5, 11, 23
What are the prime factors of 492?
2, 3, 41
List the prime factors of 62922.
2, 3, 10487
What are the prime factors of 15563?
79, 197
What are the prime factors of 107663?
23, 31, 151
What are the prime factors of 104?
2, 13
List the prime factors of 32676.
2, 3, 7, 389
List the prime factors of 1477.
7, 211
What are the prime factors of 813?
3, 271
List the prime factors of 3395.
5, 7, 97
List the prime factors of 46.
2, 23
List the prime factors of 148021.
148021
What are the prime factors of 54653?
31, 41, 43
List the prime factors of 48538.
2, 7, 3467
What are the prime factors of 1515?
3, 5, 101
What ar